d 11481472.
152
What is the highest common factor of 173 and 1014057?
1
What is the greatest common factor of 32115005 and 5395?
65
What is the highest common divisor of 12173 and 18280997?
259
Calculate the highest common factor of 31 and 71221849.
31
Calculate the greatest common factor of 152600 and 21.
7
What is the highest common divisor of 189 and 22401414?
189
What is the highest common factor of 9472560 and 1682?
58
What is the highest common factor of 122150070 and 3780?
630
Calculate the greatest common divisor of 673968 and 42862.
1478
What is the highest common divisor of 3077847 and 4095?
9
Calculate the greatest common divisor of 8194 and 14416.
34
What is the highest common divisor of 7 and 8657585?
1
Calculate the greatest common factor of 3853928 and 72.
8
What is the highest common divisor of 24887 and 1464084?
607
What is the highest common factor of 41573065 and 20?
5
What is the highest common divisor of 215404532 and 298?
298
What is the greatest common factor of 5734164 and 303?
3
What is the greatest common divisor of 637 and 41668277?
49
What is the greatest common divisor of 166140 and 3739320?
2340
Calculate the greatest common divisor of 5510 and 17300298.
1102
Calculate the highest common divisor of 10368 and 30522906.
162
What is the greatest common factor of 37655872 and 275481?
3401
What is the greatest common divisor of 9064946 and 22?
22
What is the highest common divisor of 12740 and 52566220?
980
Calculate the greatest common divisor of 2826 and 7136278.
314
Calculate the highest common factor of 52540 and 426600.
20
What is the greatest common divisor of 2446232 and 272?
136
What is the greatest common factor of 1520 and 2391952?
16
Calculate the highest common divisor of 4621520 and 23780.
820
What is the greatest common divisor of 297651 and 201489?
141
What is the greatest common divisor of 95 and 38946295?
95
Calculate the highest common factor of 12818044 and 4.
4
What is the highest common factor of 133 and 5399?
1
What is the highest common factor of 16788 and 488?
4
Calculate the greatest common divisor of 9129 and 8155240.
3043
What is the greatest common divisor of 190026161 and 1061?
1061
What is the greatest common factor of 6 and 326255334?
6
What is the greatest common divisor of 84805032 and 520?
104
Calculate the highest common factor of 466 and 752197162.
466
What is the greatest common factor of 26196 and 4559048?
236
What is the greatest common divisor of 16922572 and 874?
46
What is the greatest common factor of 351542 and 3509118?
274
Calculate the highest common factor of 4257 and 15529063.
473
What is the highest common factor of 63342495 and 55?
5
Calculate the greatest common divisor of 8504556 and 24.
12
What is the highest common divisor of 166618 and 2497?
227
What is the greatest common factor of 884 and 833846?
26
What is the highest common factor of 50501655 and 135?
45
Calculate the greatest common factor of 600 and 24276804.
12
What is the highest common divisor of 145320 and 441630?
210
What is the greatest common divisor of 145080 and 12675?
195
What is the greatest common factor of 300 and 165165900?
300
Calculate the greatest common factor of 10720 and 1045870.
670
Calculate the greatest common factor of 955 and 17154092.
191
What is the greatest common divisor of 1606 and 158752?
22
Calculate the greatest common divisor of 48774868 and 14464.
452
What is the highest common divisor of 546 and 2326402?
26
Calculate the highest common divisor of 342 and 12565818.
18
Calculate the greatest common factor of 8427 and 4287.
3
Calculate the highest common divisor of 3219693 and 6309.
2103
Calculate the greatest common factor of 301014 and 10458.
126
Calculate the highest common divisor of 666 and 124336539.
333
What is the highest common factor of 210 and 93155160?
210
What is the greatest common factor of 548 and 214427468?
548
What is the highest common factor of 25 and 66971825?
25
Calculate the greatest common divisor of 12742 and 26.
2
What is the greatest common divisor of 8 and 1190237056?
8
Calculate the greatest common factor of 374868 and 936013.
1157
What is the greatest common divisor of 10353 and 111996?
51
What is the greatest common divisor of 222 and 14419899?
111
Calculate the greatest common divisor of 18190 and 294134.
34
Calculate the greatest common factor of 17996 and 3539486.
818
What is the greatest common divisor of 256 and 425396?
4
Calculate the highest common factor of 110112 and 175380.
444
Calculate the greatest common divisor of 4977152 and 8192.
512
Calculate the highest common divisor of 2786293208 and 12424.
12424
What is the highest common factor of 1202786 and 52?
26
Calculate the greatest common divisor of 5396 and 68047607.
1349
What is the greatest common divisor of 35672 and 116688?
104
What is the greatest common divisor of 1549440 and 704?
64
Calculate the greatest common factor of 15173807 and 194.
97
Calculate the greatest common factor of 4494195 and 1305.
45
Calculate the greatest common divisor of 58 and 59789648.
58
Calculate the highest common factor of 1018204033 and 241.
241
What is the greatest common divisor of 85386730 and 147680?
9230
Calculate the highest common divisor of 378013 and 41273.
149
What is the greatest common factor of 23680 and 235161344?
4736
Calculate the greatest common factor of 214367851 and 11012.
2753
Calculate the greatest common divisor of 15927 and 1488.
3
Calculate the highest common factor of 4503 and 16886013.
237
What is the highest common divisor of 66643086 and 4089?
141
Calculate the highest common divisor of 27113376 and 11832.
696
Calculate the highest common divisor of 57260 and 54110.
70
What is the greatest common divisor of 273 and 6764835?
21
Calculate the greatest common factor of 1243 and 37290791.
113
What is the highest common factor of 10 and 3129534?
2
What is the highest common factor of 14580 and 2557860?
60
Calculate the greatest common divisor of 41944787 and 3988.
997
Calculate the greatest common factor of 125525780 and 3420.
380
Calculate the greatest common factor of 35793187 and 15821.
1217
What is the greatest common divisor of 1786 and 3759796?
38
Calculate the highest common factor of 89869 and 41924.
223
Calculate the highest common factor of 504 and 1672888.
56
Calculate the highest common factor of 15247 and 245496.
193
Calculate the greatest common divisor of 38193 and 14514657.
1317
Calculate the greatest common divisor of 188 and 932198.
94
Calculate the greatest common divisor of 5537 and 27357074.
113
What is the highest common factor of 335850650 and 760?
190
What is the greatest common divisor of 54 and 5081877?
9
What is the highest common factor of 598900 and 42827?
113
Calculate the highest common divisor of 3609 and 1228869.
9
Calculate the greatest common factor of 40 and 778705.
5
Calculate the highest common factor of 7597312 and 62372.
2012
Calculate the highest common factor of 14100 and 30252.
12
Calculate the greatest common factor of 9618 and 90114477.
687
Calculate the greatest common divisor of 178458 and 79674.
294
What is the greatest common divisor of 490424 and 704?
88
Calculate the highest common factor of 1429823 and 2641427.
3257
Calculate the highest common factor of 3925932 and 3192.
228
What is the highest common factor of 34908 and 6852?
12
Calculate the greatest common divisor of 16020 and 6863680.
1780
What is the greatest common factor of 143065 and 161603?
403
Calculate the greatest common divisor of 7246372 and 266.
266
What is the greatest common divisor of 2128 and 1140741?
133
Calculate the greatest common factor of 403 and 1227631.
31
Calculate the highest common factor of 16440 and 3413766.
822
Calculate the highest common factor of 191528 and 656464.
712
Calculate the greatest common divisor of 4032 and 3897.
9
Calculate the greatest common factor of 3266886 and 14.
14
Calculate the highest common divisor of 1183 and 25000703.
91
What is the greatest common factor of 1783980 and 25146?
198
What is the highest common divisor of 174906 and 4797?
369
What is the greatest common divisor of 162 and 14675796?
54
Calculate the greatest common factor of 1666674 and 45.
9
Calculate the greatest common divisor of 39285 and 3862